 be t(-8). Suppose 0 = -l*q + 25 + v. What is the tens digit of q?
1
Let v(i) = 2*i**2. What is the tens digit of v(-6)?
7
Let p(v) = -8*v**3 + v**2 + 2*v + 1. Let d be p(-1). Suppose -5*n + 1 = -z - 5, 0 = -z - 2*n + d. What is the tens digit of (-2 - 22)*z/(-6)?
1
Let k(s) = -8*s. What is the units digit of k(-9)?
2
Let c(l) be the third derivative of -l**5/60 - l**4/2 - l**3/6 + 3*l**2. What is the tens digit of c(-11)?
1
Suppose 3*o + o = -2*v + 226, 4*o - 5*v = 247. What is the tens digit of o?
5
Suppose 5 = -3*c - 13. Let w(b) = b**2 + 5*b - 3. Let p be w(c). Suppose p*f = -3*d + 3, -4*f - 8 + 3 = d. What is the units digit of d?
3
Suppose 6 = 2*m - 2*b, 4*m - 4*b = 6*m + 12. Suppose 0 = 4*p - 5 - 11. Suppose p*t - 13 = x, 3*t - 1 = -m*x + 2*x. What is the units digit of x?
7
Suppose -o - 2*n + 81 = 0, 5*o - 2*n - 168 = 3*o. What is the tens digit of o/3 + (-2)/3?
2
Suppose 61 = -4*m - 23. Let g = -11 - m. What is the tens digit of g?
1
Suppose -44 = -3*z + 7. What is the tens digit of z?
1
Let j be 2/(-3) - 136/(-24). Suppose -h - j = -2*h. What is the units digit of h?
5
Let c be (0 + 0)*1/2. Suppose -17 = -d + 3*d + 5*a, d + 3*a + 11 = c. Suppose -t + 45 = d*t. What is the units digit of t?
9
Let p(z) = 2*z**2 - 7*z - 7. What is the units digit of p(6)?
3
Suppose -5*j + 3*n + 192 = 0, j + 3*n + 6 - 30 = 0. What is the units digit of j?
6
Let f(i) = i**3 + 8*i**2 - 3*i + 8. Let a = -5 - 3. What is the units digit of f(a)?
2
Suppose -46 - 8 = -2*q. What is the tens digit of q?
2
Suppose 5*s = 21 - 6. Let o = s - 5. What is the units digit of (6 + -5)/(3 + o)?
1
Suppose 3*a = -4*o - 7, -5*o - 22 = -2*a - o. Suppose 5*r = 3*r - a*b - 4, -3*b = -r + 7. What is the units digit of r?
1
Let w = 5 + -1. Suppose 5*s + 60 = 5*v, v = -3*v - w*s + 32. Let l = v - 5. What is the units digit of l?
5
Suppose -w = 2*k + 5, -20 = -3*w + 5*k - 4*k. Suppose -w*c + 6 = -14. Suppose 2*p = -4*i + 10, 2*p - 9 = -3*i + c. What is the units digit of p?
1
What is the units digit of (-14)/(-63) - 156/(-27)?
6
Let s(g) = g - 4. Let z be s(7). Suppose -o + 16 = z*o. Suppose 12 = o*x - 48. What is the tens digit of x?
1
Let l(d) = d**3 - 10*d**2 - 10*d - 2. What is the units digit of l(11)?
9
Let t(q) = -q**3 + 6*q**2 - 3*q + 2. Let c be t(5). Let b = -17 + c. Let x = b + 6. What is the units digit of x?
1
Let d(c) = c**2 - 2*c - 6. Suppose 0 = -3*x - x. Suppose 4*b + 32 = -5*k - 4, x = -5*b - 3*k - 32. What is the units digit of d(b)?
8
Let b be 15 - (0 + (1 - 1)). Let w be ((-2)/3)/((-2)/b). Let k = 7 - w. What is the units digit of k?
2
Let p(b) = -5*b - 1. Let f be p(-1). What is the units digit of (6/f)/(5/20)?
6
Let v(q) = q + 3. Let n be v(5). What is the units digit of (1/2)/(2/n)?
2
Suppose 0 = -2*s - s + 3. Suppose -9 = -2*c - s. Suppose c*q + p - 24 = -3*p, -q + 3*p = -10. What is the units digit of q?
7
Suppose 5*x - 184 = 106. What is the units digit of 2/(-9) - x/(-18)?
3
Let d be (-3 - 2)*-1*1. Let r = -5 + d. Suppose r = 5*y - 3*y, 5*k = 3*y + 50. What is the tens digit of k?
1
Suppose 4*v - 5*y - 173 = 641, 0 = -2*y - 4. What is the units digit of v?
1
Suppose 5*o - 6*o = 0. Suppose o*p = -5*p + 30. What is the units digit of p?
6
Let o(s) = -s**3 - 2*s**2 + s - 4. Let y be o(-3). Let f = 1 + y. What is the units digit of f?
3
Let z be (2 - 0) + 1 + -1. Suppose -z*u + 0*u = -16. What is the units digit of u?
8
Suppose -13*m + 921 = -860. What is the tens digit of m?
3
Let h = -1 + 4. Let u = 0 + h. Suppose -11 = -3*b - 5*x, -5*b + 8 = -u*b + 4*x. What is the units digit of b?
2
Let i(c) be the third derivative of c**6/120 - c**5/20 + c**4/12 - c**3/2 - 8*c**2. What is the units digit of i(4)?
1
Let d = -18 + 39. What is the units digit of d?
1
Let k be ((-4)/3)/((-2)/6). Suppose k*c = 36 + 4. What is the units digit of c?
0
Suppose 1 = -p - 0. What is the tens digit of (-3)/p - (-2 - 11)?
1
Let n(c) = -7*c**3 - c**2 + c - 1. Let h be n(-2). Let y be (-1)/((5/10)/((-87)/(-6))). Let i = y + h. What is the units digit of i?
0
Suppose 0*d - 5*d + 60 = 0. What is the units digit of 0 + d + (-3)/3?
1
Suppose 0 = -r + 6 + 9. Suppose t + t + m = 6, 5*m + r = 5*t. What is the units digit of t?
3
Let a be 4 + (1/(-1))/(-1). Suppose 0 = -u + a*u + 20. Let x(z) = z**3 + 6*z**2 + 3*z - 5. What is the units digit of x(u)?
5
What is the units digit of (4 - -2)/((-2)/(-16))?
8
Let s = 39 + 0. Let q = -65 - -67. Suppose -6*o + q*o + 54 = -2*y, 3*o - s = 2*y. What is the units digit of o?
5
Let o = -70 + 104. What is the tens digit of o?
3
Let s(c) = c**2 - 4*c - 1. Let b be (15/(-18))/((-3)/18). What is the units digit of s(b)?
4
Suppose -332 - 95 = -3*i - f, 4*f + 437 = 3*i. What is the hundreds digit of i?
1
Let c(n) = -n - 6. Let l be c(-10). Suppose -3*f - 3*r + 48 = r, l*r + 32 = 2*f. What is the tens digit of f?
1
Suppose -5*v + 4*k - 12 = 2*k, -v - 3*k = -1. Let z be (-2 + 2)/v - 28. Let c = z + 41. What is the units digit of c?
3
Let m(i) = -i**2 - 20*i - 48. What is the tens digit of m(-16)?
1
What is the tens digit of (-3 - -1 - 9)*-25?
7
Let q = -16 + 19. Suppose -z + 10 = q*h, -z - 3*h - h = -10. What is the units digit of z?
0
Let z be 68/3 + (-4)/6. Let n = z + -6. Suppose -3 = -2*f - 5*p + n, 5*p = -4*f + 23. What is the units digit of f?
2
Let i(b) = -b + 6. Let n be i(0). Let z(j) be the third derivative of j**5/60 - j**4/8 - 4*j**3/3 + 2*j**2. What is the units digit of z(n)?
0
Suppose 0 = 5*r - 0*r + 5. What is the units digit of -4*(r + (-3)/(-4))?
1
Let k(d) = -14*d - 4. Let h be k(-5). Suppose -2*z = 3*z - 2*p - 98, -3*p = -3*z + h. What is the units digit of z?
8
Suppose -3*p + 4*f + 0 = -2, -p + 5*f - 3 = 0. What is the units digit of (p + 4)/3*4?
8
Suppose -2*y + 124 = 2*y. Let j = -22 + y. What is the units digit of j?
9
Let k = 22 - 3. What is the tens digit of k?
1
Let z(p) = 4 + 7*p - 7*p**2 + 3 + 2*p**3 - p**3. What is the tens digit of z(6)?
1
Let x(s) = -s**3 + 8*s**2 - 6*s - 5. Let f be x(7). Let i(y) = 2*y**3 + y + 1. What is the units digit of i(f)?
9
Suppose -k = 5*f + 110, 2*f = 4*f - 2*k + 32. Let h = 0 - f. What is the tens digit of h?
2
Let h(b) = 16*b - 71. What is the tens digit of h(8)?
5
Suppose 69 = -22*a + 25*a. What is the tens digit of a?
2
Let w(n) = 39*n**2 - 2*n + 2. What is the units digit of w(1)?
9
Let n = 29 - 8. What is the units digit of n?
1
Let b = 1 + 4. Suppose j = 5*u + 4, b*j + 2*u - 7*u = 20. Suppose -52 = -j*s + 16. What is the units digit of s?
7
Let q be ((-5)/(-4))/((-2)/8). Let y be (-5)/(-2) - q/(-10). Suppose -y*n + 3*d + 18 = n, 4*n + 2*d - 48 = 0. What is the tens digit of n?
1
Let m(d) = 3 + 6*d - 2 - 5. Let c be m(3). What is the units digit of (2/7)/(2/c)?
2
Let p be ((-8)/7)/((-6)/21). Suppose -4*o = -4*x + 220, -p*o - 20 = -2*x + 88. What is the units digit of x?
6
Let h = 138 + -81. What is the tens digit of h?
5
Let x = -251 + 362. Let q = -62 + x. What is the units digit of q?
9
Let y be (3/2)/((-5)/(-50)). Let q be y/2*6/(-9). Let p = q - -23. What is the tens digit of p?
1
Suppose -15 = -3*l - 0*l. Suppose 4*a = -5*o + 26, -l*o + 0*a - 5*a = -30. Let j = o - -8. What is the units digit of j?
0
Suppose 4*k - 10 = -2*s + 70, 25 = s - 3*k. Let j = 46 - 29. Let m = s - j. What is the units digit of m?
7
Let d = 51 + 38. What is the units digit of d?
9
Let p = -35 + 62. Let y = 5 + p. What is the units digit of y?
2
Let w be -2 - -7 - (0 - 0). Suppose 5*a = 20 - 0. Suppose -w*l - 2*c = -8, c + 7 + 2 = a*l. What is the units digit of l?
2
What is the hundreds digit of 0 - (2190/(-5))/2?
2
Suppose -46 = 3*l - 4*l + 5*z, -l + 42 = -3*z. What is the tens digit of l?
3
Suppose -a = 4*o - 5*o, 5*o = 2*a + 9. What is the units digit of o?
3
Suppose -5*x = -j + 126, -5*j + 300 = 4*x - 185. What is the tens digit of j?
0
Suppose -8 = 2*v - 2*a, -2*a + 3*a - 25 = 4*v. Let f be 16/(-7) + (-2)/v. What is the units digit of f/5*(-11 + 1)?
4
Let d be 10*-2*4/(-10). Suppose -3*k + d*k - 17 = j, 2*k = -3*j. Suppose 3*g + k*s = -g + 10, -2*s = -5*g + 1. What is the units digit of g?
1
Let i(a) = -4*a - 19. What is the tens digit of i(-20)?
6
Let b = 0 - -5. Suppose g - b*q = -12, 4*g + 10 = 3*q + 47. What is the units digit of g?
3
Let k(i) = -8*i - 21. What is the tens digit of k(-22)?
5
Suppose 0 =